8 + l. List the prime factors of c.
101
Suppose -2 - 10 = -4*t, 2*a = -t + 1161. List the prime factors of a.
3, 193
Let x(l) be the third derivative of -4*l**4/3 - l**3/3 - 2*l**2. Let i be x(1). Let o = 37 + i. List the prime factors of o.
3
Suppose 3*r - 1064 = 5*v - 4170, -v + 4*r + 611 = 0. Let m = v + -350. List the prime factors of m.
3, 7, 13
List the prime factors of (-12)/(-3)*2*(-29)/(-2).
2, 29
Let x = -41 + 50. List the prime factors of 6/x*(-1422)/(-12).
79
Suppose 2*l + p - 12 = 0, 4*l + 2*p = 3*p + 12. Suppose -l*n = -9*n + 195. List the prime factors of n.
3, 13
List the prime factors of (8 - (-722 - -5))*1.
5, 29
Let x = -8 - -2. Let m(d) = d**3 + 16*d**2 + 18*d + 44. Let n be m(-15). List the prime factors of ((-2)/n)/(x/(-57)).
19
Suppose 71 = -u + 179. Let f = u - 84. List the prime factors of f.
2, 3
Let c = 9 - 0. List the prime factors of (c/(-3))/(2/(-32)).
2, 3
What are the prime factors of (-90)/((33/(-55))/((-99)/(-6)))?
3, 5, 11
Let g be 2/(-3)*(-18 - 858). Suppose -g = -4*h - 4*u, -2*h + 280 = 2*u - 6*u. List the prime factors of h.
2, 3
List the prime factors of ((-482)/(-4))/(-1)*(96 - 98).
241
Let n = -266 - -256. Suppose -2*k = 3*k - 45. Let b = k - n. List the prime factors of b.
19
Let s be (-29)/(-9) - 2/9. Suppose -s*c + 17 = 4*i, i = 4*c + c + 33. List the prime factors of i.
2
Let y be -10*(5 + 421)/(-6). Suppose 17*z = 7*z + y. List the prime factors of z.
71
Let p be 8/(-10) - (-171)/(-5). Let v be 12/5 + (-21)/p. Suppose -8*w + v*w = -280. What are the prime factors of w?
2, 7
Suppose 0 = -4*a + 3 + 33. Suppose 4*g + a = q, -2*q - 21 = -4*q + 5*g. What are the prime factors of q?
13
Let b = 1292 + -843. Let a = b - 244. List the prime factors of a.
5, 41
Let l = -144 - -274. Let z = 188 - l. What are the prime factors of z?
2, 29
Let r(b) = b**2 - 16*b + 11. Let y(o) = -o**2 - 9*o. Let a be y(-6). List the prime factors of r(a).
47
Let q = -89 + 97. List the prime factors of 45 + (q/(-4) - -2) + 2.
47
Let b(d) = d + 8. Let k be b(-5). Suppose -k*a + 6 = -3. Suppose -5*o + 60 - 14 = a*f, 2*f - 36 = 2*o. List the prime factors of f.
17
Let y be (-742)/(-4) - (-5)/10. Let o be (y/12)/(2/8). Suppose -5*d + 2*d = i - 27, -o = -2*i - 4*d. What are the prime factors of i?
3, 13
Suppose m - d = 4*m - 10, -4*d - 11 = -5*m. Suppose 16 = r + 3*r, s - m*r = 80. List the prime factors of s.
2, 23
Let q = 5268 - 2460. What are the prime factors of q?
2, 3, 13
Let i(t) = -33*t**2 + 3*t + 2. Let f be i(-1). Let x = f + 88. What are the prime factors of x?
2, 3
Let w be -2 - (-2 + 2 + -3 - -5). Let b(u) = 10*u**2 + 5*u - 9. What are the prime factors of b(w)?
131
Let a(p) = -11*p**3 + 3*p**2 - 5*p - 6. Let l be a(-3). Suppose -3*i + 3*b + 597 = -l, -3*i - 3*b + 930 = 0. What are the prime factors of i?
2, 5, 31
Suppose -13*i + 29*i - 256 = 0. Suppose 0 = 4*q + d - 16, -2*q + 5 + 3 = 5*d. Suppose q*n = 156 + i. What are the prime factors of n?
43
List the prime factors of ((-6)/5)/(0 - (-5)/(-1225)).
2, 3, 7
Let k(c) = c**3 + 26*c**2 + 16*c - 67. List the prime factors of k(-12).
7, 251
Suppose 514 = 4*u - 2*h, -4*u + h - 30 + 545 = 0. Suppose 0 = 3*t - o - 221, -2*t + 3*o = -4*t + u. List the prime factors of t.
2, 3
What are the prime factors of (-2 - (-25)/(-15))/((-1)/114)?
2, 11, 19
Suppose -5*u + 20 - 5 = 0, 4*q = 2*u - 6. Suppose -o - 4 = q, 98 = -4*i - o + 378. List the prime factors of i.
71
Let y be -6*(-2 + 15/9). Suppose y*f - 36 = 50. What are the prime factors of f?
43
Let s(h) = -h**3 + 8*h**2 - 6*h - 11. Let x be s(7). List the prime factors of (-474)/(2*-1) + (-2 - x).
239
Suppose 3*y = 3*h - 966, -5*h + 7*h - 5*y - 650 = 0. List the prime factors of h.
2, 5
List the prime factors of (68*3/(-18))/((-1)/9).
2, 3, 17
Suppose 4*j = -3*h + 6, 6 = 3*h + 3*j - 0. Suppose 0 = -h*n + 10 - 0, -4*q + 7 = -5*n. Suppose 16 + q = 4*i. List the prime factors of i.
2, 3
Let p(j) = -j**3 - 40*j**2 - 94*j - 71. List the prime factors of p(-38).
613
Suppose -23*y - 211 = -1499. What are the prime factors of y?
2, 7
Suppose -2*z + 96 = 2*z. Suppose z = 6*g - 6. Suppose 4*q + 185 = g*k, -5*k - 3*q + 148 = -72. What are the prime factors of k?
41
Let a be (8/10)/((-6)/45). Let i = 14 + a. What are the prime factors of i/20 - (-48)/5?
2, 5
Let d(s) = 10*s**2 - 30*s + 36. List the prime factors of d(-12).
2, 3, 17
Let o = 53 + -48. List the prime factors of (-22)/110 - (-601)/o.
2, 3, 5
Suppose 0 = 14*y - 8 - 20. List the prime factors of y/(-8) + 5411/28.
193
Let p = 488 - -352. What are the prime factors of p?
2, 3, 5, 7
Suppose -4*n + 7*n + 5*m - 250 = 0, -5*m + 400 = 5*n. Let d(h) = -h**3 - 10*h**2 + 4*h + 6. Let j be d(-10). Let l = j + n. What are the prime factors of l?
41
Suppose 3649 = -17*o + 27398. What are the prime factors of o?
11, 127
Suppose l = -3*l - 2*w + 10, 5*w - 10 = -5*l. Suppose 4*q - q + 4*b - 243 = 0, 2*b = -l*q + 243. List the prime factors of q.
3
List the prime factors of (12/26)/3 - (-654512)/247.
2, 5, 53
Let n = 251 + 762. List the prime factors of n.
1013
Let u be (-48)/(-15) + (-1)/5. Suppose u = -14*m + 15*m. What are the prime factors of 23/(3 + -2) + m?
2, 13
Suppose 132*l + 1365 = 135*l. What are the prime factors of l?
5, 7, 13
List the prime factors of (8 + -7)/((-2)/12) - -1329.
3, 7
Let p = 893 - 346. What are the prime factors of p?
547
Let u(i) = i - 4. Let v be u(8). Suppose v*m - 815 = -m. List the prime factors of m.
163
Let g = 154 + -59. What are the prime factors of g?
5, 19
Let d be 2 - 7/(28/(-16)). Let h(f) = -f**3 + 10*f**2 - 8*f - 1. What are the prime factors of h(d)?
5, 19
Let b(m) = 2457*m + 240. List the prime factors of b(2).
2, 3, 859
Let a = 10771 + -6874. List the prime factors of a.
3, 433
Let r = -59 - -36. Let z = r - 4. Let j = -4 - z. List the prime factors of j.
23
Let t be 1*(-1)/2*(-4 - -8). What are the prime factors of (44/(-66))/(t/12)?
2
Let y = -42 - -9. Let u = -51 - y. Let c = u + 38. List the prime factors of c.
2, 5
Let h(i) = i**3 - i**2 - i. Let w(j) = -5*j**3 + 3*j. Let s(o) = -2*h(o) - w(o). Let d(r) = -r**2 - 5*r + 7. Let g be d(-6). List the prime factors of s(g).
2
Suppose 4*s + d = 2719, -3*d = 2*s - 1998 + 631. List the prime factors of s.
7, 97
Let w(i) = -3*i - 13 + 6 + 4*i + 0*i. Let t be w(3). What are the prime factors of (t - 1)/(3/(-6))?
2, 5
Suppose 7*x = 2*x - 55. Let v = 18 + x. What are the prime factors of v?
7
Let c = 13442 - 8531. List the prime factors of c.
3, 1637
Suppose 4*z - w - 27 = -6, 4*z + 5*w = -9. Suppose k + 105 = -z*k. Let g = 44 + k. List the prime factors of g.
23
Suppose 0*a = 7*a - 3213. What are the prime factors of a?
3, 17
Let w be 3/(21/2) - (-7060)/(-14). List the prime factors of (3/5)/(1 + w/510).
3, 17
Let g(m) = m**3 + 3*m**2 - 3*m - 4. Let t be g(-2). Suppose -4*d = -2*k - 406, 3*k + 391 = 4*d + t*k. List the prime factors of d.
2, 5
Let t be ((-30)/(-4))/3*500/(-10). Let h = t + 179. What are the prime factors of h?
2, 3
Suppose 5*a + 12 = -i, -2 = a + a - i. List the prime factors of (5 - (-11 - -2))/(a/(-17)).
7, 17
Let h = -37 + 10. Let f = 50 + h. What are the prime factors of f?
23
Suppose -5*v + 2*s - 2 = 0, v + 5*s = 7 - 2. Suppose 0 = 5*g + 52 - 322. List the prime factors of v + 2 + -3 + g.
53
Let r = 3 + 29. Suppose 2*u = -2*u + r. What are the prime factors of (1/2)/(u/256)?
2
Suppose -52*l + 43680 = -26*l. What are the prime factors of l?
2, 3, 5, 7
Let l = -55 + 49. List the prime factors of (-662)/l - (-16)/24.
3, 37
Suppose 3*s + 0*s - 6536 = -z, 5*s + 3*z - 10900 = 0. List the prime factors of s.
7, 311
Suppose 5*o = 5*u - 7630, 4578 = 7*u - 4*u - 5*o. List the prime factors of u.
2, 7, 109
Let j(v) = 5*v**2 - v + 7. Let g be j(-3). Let t = g - 4. What are the prime factors of t?
3, 17
Suppose -x + 11*x = -20. Let k(l) = -5*l - 2. List the prime factors of k(x).
2
Let b(h) = -h**3 - 7*h**2 - 9*h - 3. Suppose -17 + 2 = -3*v. Suppose o = -v*n + 13, -2*o - 4 = 3*n - 2. List the prime factors of b(o).
2, 3, 5
Let m(h) = h**3 - 8*h**2 - 8*h - 4. Let b be m(9). Suppose -b*s - 3*g = -97, -3*g = -s + 5*s - 77. List the prime factors of s.
2, 5
Let v(i) be the second derivative of i**5/20 + i**4/4 + i**3/2 - 7*i**2/2 - 9*i. List the prime factors of v(3).
2, 7
Suppose 4*m = 765 - 17.